 - 402, 4*f + 3*w = -0*f - 760. Let o = -121 - f. What is the tens digit of o?
7
What is the tens digit of 0 + -4 + (525 - (0 - 0))?
2
Suppose -q + 3*t = t - 6, 5*t = -q + 41. Let v = q + -11. Suppose 3*k + v = 56. What is the tens digit of k?
1
Suppose -2*a - 4 + 10 = 0. Let z(k) = k**2 - 4. What is the units digit of z(a)?
5
Suppose 3*g - 41 = -191. What is the units digit of (-5)/((g/(-12))/(-5))?
6
Let x(v) = -v**3 - 12*v**2 - 6*v - 8. What is the tens digit of x(-12)?
6
Let s(d) = -d**3 - d. Let r(w) = -4*w**3 - w**2 - 4*w + 3. Let p(o) = -r(o) + 3*s(o). Let n be p(-3). Let f = n + 32. What is the units digit of f?
8
Let k = 144 + -88. Suppose -2*x + k = -24. What is the tens digit of x?
4
Let c(z) be the second derivative of -z**5/20 + 5*z**4/6 - z**3 + 9*z**2 + 32*z. What is the hundreds digit of c(5)?
1
Let o(u) be the third derivative of -u**7/420 + u**6/360 - u**5/15 + 5*u**2. Let j(x) be the third derivative of o(x). What is the units digit of j(-2)?
6
Let n(q) = -q**3 + 32*q**2 - 23*q + 33. What is the hundreds digit of n(27)?
0
Suppose -4*n - 39 = -119. Let x = n - 15. Suppose -80 = -x*o - 0*o. What is the tens digit of o?
1
Suppose 0 = -3*m - i + 938, -4*m - 5*i - 1257 = -8*m. What is the units digit of m?
3
Suppose 0 = 3*o + k - 2077, -557 = -3*o + 5*k + 1496. What is the hundreds digit of o?
6
Let u = -102 - -1203. What is the thousands digit of u?
1
Let k = 59 - 57. What is the units digit of -3 + k + (5 - 14)*-16?
3
Let u(a) = 2*a - 9. Let o be u(9). Suppose -2*w + o = w. What is the tens digit of 1030/15 - (-1)/w?
6
Let i(b) = -b**3 - 8*b**2 - 8*b - 5. Let c be i(-7). Suppose -230 = 4*w - c*u, 0 = u + 1 + 2. Let n = w - -98. What is the tens digit of n?
3
Let r(p) be the third derivative of p**4/24 - 2*p**3/3 - 37*p**2. What is the units digit of r(13)?
9
Let l(g) = g + 4*g**2 + 0*g**2 - 4*g - 3*g**2 + 144. What is the hundreds digit of l(0)?
1
Let u = 18 + -15. Suppose -4*k = -u*k. Suppose k = -d + p + 39, 2*d - 66 = -p - p. What is the tens digit of d?
3
Suppose -116 + 122 = 3*r. Suppose -289 = -3*l - 5*y, -r*l - 3*y = l - 279. What is the tens digit of l?
8
Let a(z) = -2*z**2 - 12*z - 4. Let b be a(-8). Let w be ((-1)/2)/(3/(-378)). Let t = w + b. What is the tens digit of t?
2
Let k(x) = -x**3 - 7*x**2 - 10*x + 4. Let d be k(-5). Suppose 0 = -d*b - 71 - 85. Let o = 80 + b. What is the tens digit of o?
4
Let g(v) = v**2 - 9*v + 177. What is the units digit of g(-37)?
9
Suppose 2*p = 8, 0 = 5*z - 5*p - 80 - 625. Let d = -99 + z. What is the units digit of d?
6
Let t(z) = 3*z - 70. Let g be t(23). Let v(p) = -71*p. What is the tens digit of v(g)?
7
Let z = 85 - -1547. What is the units digit of z?
2
What is the units digit of -2 + 244/4 + (-2 - -1)?
8
Suppose -2*m - 3*n = -5*m + 12, 3*m = -3*n - 12. Suppose m*i = 5*i. Suppose -f + i*f = -3. What is the units digit of f?
3
Suppose -4*a + 0*a + 120 = 0. Suppose -194 = -i + a. What is the units digit of i?
4
Let b be (5 - 3) + -4 + 5. Suppose b*u = u - 12. What is the tens digit of -2*(3 - (-141)/u)?
4
Let a = -416 + 558. What is the units digit of a?
2
Suppose 0 = -17*z + 6506 + 90. What is the hundreds digit of z?
3
Let x(s) = -s + 3. Let q be x(-3). Let h = 116 + -118. What is the units digit of (h/q)/((-1)/24)?
8
Let r(i) = 2*i**2 + 15*i - 16. Let b be r(-8). What is the units digit of (12/b + 2)*394?
7
Let v = 15 - 9. Let n be 13/v + 8/(-48). Suppose -3*j + 1 = 2*z - n*j, 3*z = -3*j - 6. What is the units digit of z?
3
Let o(r) = 8*r**3 + r**2 - r. Let h be o(1). Let k(z) = -z**3 + 9*z**2 - 4*z - 19. What is the units digit of k(h)?
3
Suppose -z - 3 = 3*q + 25, 2*z - 54 = 5*q. What is the units digit of q*(2 - (-188)/(-8))?
5
Let f = -218 - -840. What is the hundreds digit of f?
6
Suppose 0 = 2*p - 2*v, -3*v = 2*p - 4*v. Suppose p = -r - 7 - 1. What is the tens digit of (212/r)/((-2)/4)?
5
Suppose 0 = 5*r + 25, -2*r + 467 = 3*y - 30. Let q = -2 + 6. Suppose 4*c - y = 5*g, -c + q*g - 58 = -2*c. What is the units digit of c?
6
Suppose -4 = -m + 3*m. What is the units digit of 1/(-4*m/328)?
1
Let t = 3220 + 670. What is the hundreds digit of t?
8
Let c = 41 - 39. Let w(k) = -3 + 10*k + 4 + 10*k. What is the units digit of w(c)?
1
Let m(v) = 6*v + 9. Let u be m(19). Let h = u - 80. What is the tens digit of h?
4
Let g = -1269 + 2437. What is the tens digit of g?
6
Suppose -5*z = f - 577, 4*f = 3*f - 3*z + 583. What is the hundreds digit of f?
5
Let y = 6 + -3. Suppose -6 = -3*j + y*v + 12, j + 4*v = -4. Suppose n + 0*n + j = 0, 5*n + 176 = 4*c. What is the tens digit of c?
3
Let o = 1380 - 490. What is the hundreds digit of o?
8
Let c(y) be the second derivative of -1/12*y**4 + 2/3*y**3 + 0 - 7*y - 1/2*y**2 - 1/20*y**5. What is the tens digit of c(-4)?
3
Suppose -5*n + 3 = -k, -1 = -0*k - k + n. Let w = 132 - 127. Suppose -w*g - 61 = -4*i + 37, k*i - 4*g = 46. What is the units digit of i?
7
Let p(m) = -137*m**3 + 2*m**2 + m. Let r be p(-1). Suppose 24 = 14*k - 2*k. Suppose -246 - 123 = -5*j - k*a, r = 2*j - 4*a. What is the units digit of j?
3
Let k be (-12)/(-8) + (-2)/4 + 2. What is the tens digit of 83 - (9/k)/((-6)/4)?
8
Let z(v) = -331*v + 7. Let w be z(-1). Suppose 286*x - w = 284*x. What is the tens digit of x?
6
Let h be (-1)/((-4)/492 + 0). Suppose -3*d + 5*a + 56 = 0, -d + h = 3*d + 3*a. What is the tens digit of d?
2
Let i = 36 - 66. What is the tens digit of -2*(-5)/(i/(-171))?
5
Suppose -150*q - 27 = -153*q. What is the units digit of (170/(-6))/((-1)/q)?
5
Let d(w) = -w**3 - 3*w**2 - 18*w - 5. What is the units digit of d(-14)?
3
Suppose 0 = 18*m + 2856 - 15510. What is the units digit of m?
3
Suppose 6*a - 2*a - 5716 = -k, 5*a = -2*k + 7142. Suppose 6*z - a = -7*z. What is the hundreds digit of z?
1
Let l = -250 - -642. What is the tens digit of l?
9
Let q(x) = x**3 + 5*x**2 - 8*x - 8. Let u be q(-6). Suppose -6*n + 10 = -u*n, n = -5*v + 30. Suppose -96 = -v*i + 254. What is the tens digit of i?
7
Suppose 7*w - w - 54 = 0. Suppose 7 = -q + w. What is the units digit of q?
2
Suppose 0*l + 4*l - 88 = 0. Suppose 89 + 7 = -8*p. Let k = l + p. What is the tens digit of k?
1
Let o(w) = -w**2 + 12*w + 13. Let x be o(13). Suppose x = -5*d + k - 76, -6*d - 68 = -2*d + k. What is the tens digit of (-468)/d - (-3)/(-12)?
2
Let j = 9787 + -6363. What is the thousands digit of j?
3
Suppose -3*z + 0*z + 366 = 0. Let o be z + -2 - (0 + 2). Suppose -5*l + 12 + o = 0. What is the units digit of l?
6
Suppose k - 4*t + 49 = 0, -k + 196 = -5*k + 5*t. Let y be (-2)/7 - 504/k. Let u = y - -14. What is the tens digit of u?
2
Let q(x) = -11*x**3 - 17*x**2 - 54*x + 6. What is the units digit of q(-4)?
4
Let a(n) = 7*n**2 - n - 259. What is the units digit of a(-17)?
1
Suppose -4*s - 2*f = 168, -9*s - f = -5*s + 164. What is the tens digit of ((-6426)/(-26) - 2) + s/260?
4
Let x(o) be the second derivative of -4*o**3/3 + 10*o. Suppose -4*k - 4 = 2*y, 2*k + 4 = -2*y - 0*k. What is the units digit of x(y)?
6
Suppose -2*b + 35 = 5*b. Suppose 4*k - 25 = 5*y, -4*k = -6*y + b*y - 21. What is the units digit of (5 + y)*(-30)/(-40)?
3
Let c(a) = 38*a - 3. Let m be c(3). Let b = m - 62. What is the units digit of b?
9
Let i be (-114)/(-2 + 5 + -4). Suppose 2*k + 111 = 5*z - 293, 3*k + 246 = 3*z. Let w = i - z. What is the units digit of w?
4
Suppose -3*c = 5*u - 2 - 10, -u - 20 = -5*c. Suppose f = w - 26, 2*f + 2 - c = 0. What is the units digit of w?
7
Suppose -2*k = 5*p - 10*p + 4935, 5*p = -5*k + 4970. What is the units digit of p?
9
Let t(g) = 485*g**2 + 11*g - 481*g**2 + 12*g + 9. What is the hundreds digit of t(-9)?
1
Let i(f) be the third derivative of 3*f**4/8 - f**3/3 - f**2. Let r be 5/(-9) - -1 - (-812)/522. What is the units digit of i(r)?
6
Suppose 4*w = 6*w + 20. Let o = w + 43. What is the units digit of o?
3
Suppose -4*s - y = -435, y + 25 = -4*y. Suppose s = 8*z + 14. What is the units digit of z?
2
Suppose -17*g = -29*g + 17196. What is the tens digit of g?
3
Suppose -5*n = -3*n + 418. Let h be (n - (-12)/(-4))*1. What is the tens digit of h/(-7) - (-4)/(-14)?
3
Let z(h) = h**3 + 16*h**2 - 17*h + 10. Let j be z(-17). Suppose -j - 11 = -l. What is the tens digit of l?
2
Let r = 75 + -73. Suppose r*s = -d - 2*s + 111, 5*d - 3*s = 509. What is the tens digit of d?
0
Let i(a)